t is the remainder when 3594640 is divided by 300?
40
What is the remainder when 420707 is divided by 104?
27
Calculate the remainder when 1473305 is divided by 9266.
11
What is the remainder when 31816 is divided by 23?
7
What is the remainder when 113539853 is divided by 362?
1
What is the remainder when 178223 is divided by 672?
143
What is the remainder when 198482 is divided by 9878?
922
What is the remainder when 471795 is divided by 157264?
3
What is the remainder when 4528573 is divided by 245?
238
Calculate the remainder when 1171827 is divided by 12876.
111
Calculate the remainder when 881748 is divided by 209.
186
What is the remainder when 1301014068 is divided by 2481?
2478
Calculate the remainder when 563238 is divided by 18167.
61
Calculate the remainder when 113466665 is divided by 847.
4
What is the remainder when 878182 is divided by 265?
237
Calculate the remainder when 54674 is divided by 24964.
4746
What is the remainder when 4736959 is divided by 42?
31
What is the remainder when 428945 is divided by 5913?
3209
What is the remainder when 6148712 is divided by 535?
492
What is the remainder when 918654 is divided by 459148?
358
What is the remainder when 76039 is divided by 69399?
6640
What is the remainder when 4899335 is divided by 612416?
7
What is the remainder when 800837 is divided by 11777?
1
What is the remainder when 695824 is divided by 4929?
835
What is the remainder when 1269937 is divided by 7987?
4
Calculate the remainder when 38115599 is divided by 23.
22
What is the remainder when 359919894 is divided by 29?
24
Calculate the remainder when 3398351 is divided by 807.
74
Calculate the remainder when 5850741 is divided by 97.
89
What is the remainder when 13983172 is divided by 256?
196
Calculate the remainder when 17351032 is divided by 106.
104
What is the remainder when 836028 is divided by 64309?
11
What is the remainder when 138344 is divided by 19730?
234
What is the remainder when 1196086 is divided by 203?
10
What is the remainder when 5059314 is divided by 2529596?
122
What is the remainder when 224439 is divided by 3715?
1539
Calculate the remainder when 1310559 is divided by 163819.
7
What is the remainder when 282710247 is divided by 405?
402
What is the remainder when 161457 is divided by 298?
239
Calculate the remainder when 86244 is divided by 4104.
60
What is the remainder when 3992596 is divided by 30?
16
Calculate the remainder when 119830541 is divided by 63.
5
Calculate the remainder when 3743344 is divided by 442.
46
Calculate the remainder when 5396291 is divided by 350.
341
What is the remainder when 47384354 is divided by 15?
14
Calculate the remainder when 1933330 is divided by 241663.
26
What is the remainder when 5249710 is divided by 30700?
10
Calculate the remainder when 35663745 is divided by 153723.
9
What is the remainder when 83831919 is divided by 963585?
24
Calculate the remainder when 1344786 is divided by 2050.
2036
Calculate the remainder when 3905038 is divided by 557860.
18
What is the remainder when 216491 is divided by 1866?
35
What is the remainder when 929643 is divided by 100?
43
What is the remainder when 8866544 is divided by 12721?
7
Calculate the remainder when 113140713 is divided by 37.
4
What is the remainder when 121791 is divided by 862?
249
What is the remainder when 3302217 is divided by 29223?
18
What is the remainder when 7449415 is divided by 2021?
9
Calculate the remainder when 320265 is divided by 256.
9
Calculate the remainder when 358196255 is divided by 7344.
7343
Calculate the remainder when 2051936 is divided by 4463.
3419
What is the remainder when 299039 is divided by 99564?
347
Calculate the remainder when 3957262 is divided by 1030.
2
Calculate the remainder when 10261 is divided by 3038.
1147
What is the remainder when 109129 is divided by 1277?
584
What is the remainder when 533073 is divided by 7615?
23
Calculate the remainder when 33624625 is divided by 549.
22
Calculate the remainder when 53475279 is divided by 8106.
8103
What is the remainder when 257561 is divided by 51511?
6
Calculate the remainder when 90030 is divided by 4040.
1150
What is the remainder when 197292 is divided by 1188?
84
What is the remainder when 36670043 is divided by 786?
785
What is the remainder when 214147 is divided by 2040?
1987
Calculate the remainder when 3298823 is divided by 25.
23
Calculate the remainder when 97361 is divided by 2413.
841
What is the remainder when 27436858 is divided by 6005?
13
Calculate the remainder when 318538 is divided by 2677.
2652
What is the remainder when 1515776 is divided by 35?
31
Calculate the remainder when 19031900 is divided by 4757967.
32
What is the remainder when 7422748 is divided by 225?
223
What is the remainder when 242539 is divided by 5625?
664
What is the remainder when 2749153 is divided by 937?
932
Calculate the remainder when 64442 is divided by 64413.
29
Calculate the remainder when 83707 is divided by 2085.
307
Calculate the remainder when 2140766 is divided by 132.
122
What is the remainder when 76545 is divided by 25494?
63
Calculate the remainder when 221371713 is divided by 253.
2
What is the remainder when 60500233 is divided by 74?
53
Calculate the remainder when 2985397 is divided by 994989.
430
Calculate the remainder when 2713796767 is divided by 11642.
11641
What is the remainder when 290239 is divided by 7?
5
What is the remainder when 31065174 is divided by 11317?
9
Calculate the remainder when 441662 is divided by 220799.
64
Calculate the remainder when 7488023 is divided by 2756.
2727
What is the remainder when 3345646 is divided by 376?
374
Calculate the remainder when 17314990 is divided by 5.
0
Calculate the remainder when 177989373 is divided by 12032.
12029
Calculate the remainder when 308503448 is divided by 2938128.
8
Calculate the remainder when 460178025 is divided by 269.
263
What is the remainder when 129309 is divided by 4971?
63
Calculate the remainder when 29187 is divided by 2906.
127
Calculate the remainder when 54358 is divided by 12820.
3078
What is the remainder when 292643899 is divided by 2013?
2011
Calculate the remainder when 337354730 is divided by 161.
160
Calculate the remainder when 12644 is divided by 12624.
20
What is the remainder when 813400 is divided by 2297?
262
What is the remainder when 178676 is divided by 8929?
96
What is the remainder when 237408 is divided by 107?
82
What is the remainder when 13653084 is divided by 1271?
2
Calculate the remainder when 4382000 is divided by 1016.
1008
Calculate the remainder when 1107535 is divided by 531.
400
Calculate the remainder when 869479 is divided by 13797.
268
What is the remainder when 14144114 is divided by 71?
62
What is the remainder when 82179677 is divided by 838568?
13
What is the remainder when 2378067 is divided by 22?
21
What is the remainder when 2729975 is divided by 513?
302
What is the remainder when 860236 is divided by 143372?
4
What is the remainder when 20716 is divided by 2640?
2236
What is the remainder when 1830480 is divided by 1830479?
1
What is the remainder when 37136 is divided by 3346?
330
What is the remainder when 2699035 is divided by 541?
527
What is the remainder when 78681 is divided by 961?
840
What is the remainder when 3103317 is divided by 110?
107
Calculate the remainder when 5894836 is divided by 2947085.
666
Calculate the remainder when 4137591 is divided by 479.
468
Calculate the remainder when 8594856 is divided by 2558.
2534
Calculate the remainder when 16587 is divided by 3138.
897
Calculate the remainder when 325637 is divided by 14155.
72
Calculate the remainder when 1163685 is divided by 290789.
529
What is the remainder when 1125610 is divided by 328?
242
What is the remainder when 1907708 is divided by 272527?
19
Calculate the remainder when 15960614 is divided by 36.
14
Calculate the remainder when 1615627857 is divided by 165.
162
What is the remainder when 22998481 is divided by 11861?
2
Calculate the remainder when 814677 is divided by 30.
27
Calculate the remainder when 21769 is divided by 5334.
433
What is the remainder when 286684 is divided by 13651?
13
Calculate the remainder when 347126 is divided by 7084.
10
Calculate the remainder when 637631